.
17, 61
Suppose 3*v = 2*r, v + 2*r = -v + 10. What are the prime factors of (-1771)/(-35) - (-1)/5*v?
3, 17
Suppose -2*s = 2*g - 8, 3*g + s = -2*g + 12. Let j be (-5)/(-2)*(g - 0). Suppose -p + j*a - 2 = -0*a, 3*p + a - 42 = 0. List the prime factors of p.
13
List the prime factors of -12 - -10 - (-4)/(-1) - -1591.
5, 317
Let l = 110 + -54. Let j = l - -51. What are the prime factors of j?
107
Suppose 87*o = 99*o - 31200. List the prime factors of o.
2, 5, 13
Suppose 3*j = 680 + 517. Suppose 5*a - 2*k - 1001 = -k, -k = 2*a - j. List the prime factors of a.
2, 5
Let b(h) = h**2 + 4*h - 2. Let i be b(3). Suppose -5*a + i + 1 = 0. Suppose -65 - 59 = -a*l. What are the prime factors of l?
31
Let w(k) = 2*k + 8. Let n be w(10). Let b = n - 36. Let f(c) = c**2 + 5*c + 4. List the prime factors of f(b).
2, 7
Let k be ((4 + -4)*1)/3. Suppose k = -5*u - 6*u + 2343. What are the prime factors of u?
3, 71
Let n(j) = j - 4. Let t be n(-2). Let q be (-1 - 10/t)*39. Let m = -9 + q. List the prime factors of m.
17
Let w = 96 - -23. Suppose -2*c = 4*x - 452, 6*c - w = -x + 7*c. List the prime factors of x.
5, 23
Suppose -2*b + 5*q = -683, q = 5*q - 12. List the prime factors of b.
349
List the prime factors of 8096/14 - (-58)/(-203).
2, 17
Suppose -3*w + 423 = -1851. List the prime factors of w.
2, 379
Let k(r) = 242*r**3 - 2*r + 1. Let o be k(1). Let l = o + 51. What are the prime factors of l?
2, 73
Suppose -3*h = 2*n + 2*h - 40, 3*n + 5*h = 70. Suppose -c = -5*v - n, -v = -c + 2*c. What are the prime factors of c?
5
Let i(d) = -d**3 - 10*d**2 - 4*d + 33. Let c be i(-6). Let m = -55 - c. What are the prime factors of m?
2
Suppose k - 2*o + 8 + 2 = 0, 0 = -2*k - o - 5. Let s(m) be the second derivative of -4*m**3/3 - m**2 - 169*m + 1. What are the prime factors of s(k)?
2, 3, 5
Let b = 259 - 119. List the prime factors of b.
2, 5, 7
Suppose 227*y - 216*y - 8085 = 0. What are the prime factors of y?
3, 5, 7
Let w(p) = 3*p. Suppose f = -v - 12, -2*f + 5*v = 3*f + 20. Let q be (f - -13)*4/10. What are the prime factors of w(q)?
2, 3
Let l = -104 + 240. Suppose -l = -5*u - 21. List the prime factors of u.
23
Let y(m) = m**2 - 10*m + 22. Let a be y(8). Let i(t) be the third derivative of t**6/120 - t**5/15 - t**4/4 - 2*t**3/3 - 4*t**2. List the prime factors of i(a).
2
Let k = 14 + -9. Suppose -4*s + 9 = k*p - 2*s, 2*p = 2*s + 12. Suppose -p*c + 154 = 4*f, c + 0*c - 5*f - 26 = 0. What are the prime factors of c?
2, 23
Suppose 0 = 26*a - 5808 - 2538. What are the prime factors of a?
3, 107
Suppose 0 = z + 3 - 6, 5*z + 15 = 3*y. Suppose 0 = -y*u - 23 + 273. List the prime factors of u.
5
Suppose -a = 4*g - 31, -a + 16 - 6 = g. Suppose -3*d - 201 = -g*d + u, 3*d - 167 = 4*u. List the prime factors of d.
7
Let a be 1/5 - 72/(-15). Let f be ((-3)/a)/((-1)/5). Suppose 10 = 2*p + f*o, 4*p - 6*o + 3*o - 2 = 0. List the prime factors of p.
2
Let s be (-5)/((-10)/7)*-2. Let n = -26 - s. Let x = n + 61. List the prime factors of x.
2, 3, 7
Let o be ((-5)/2 + 1)*42. Let x(d) = 3*d**2 - 2. Let u be x(-6). Let r = o + u. List the prime factors of r.
43
Let k be (-180)/21 + (-12)/(-21). Let h be 10*((-2)/5 - 2). Let p = k - h. What are the prime factors of p?
2
Suppose -4*y + 1080 = -5*b + 16605, b + 2*y = 3105. List the prime factors of b.
3, 5, 23
Suppose 4*w - 5101 = 5*y, -4*w - 4*y + 3787 = -w. List the prime factors of w.
3, 47
Let h = -361 + 735. Suppose -h = -4*t + 638. List the prime factors of t.
11, 23
Let o be (0 - -2) + (-6)/(-2). Let l(q) = 10*q - 16. What are the prime factors of l(o)?
2, 17
Suppose 2*t - 6*y - 5229 = -9*y, -3*y = 3*t - 7851. List the prime factors of t.
2, 3, 19, 23
Let p(o) = 11*o**2 - 2*o + 3. Let v be p(2). Suppose 110 = 3*j - v. List the prime factors of j.
3, 17
Let t be ((2 - 0) + -3)/1. Let d(z) = z**3 + z**2 - z + 1. Let n(i) = -4*i**3 - 2*i**2 + 8*i. Let g(o) = t*n(o) - 5*d(o). List the prime factors of g(-4).
23
Let x(m) = 4*m**2 + m - 6. Let d be x(-7). Suppose 4*y + d = 7*y. List the prime factors of y.
61
What are the prime factors of (-1208)/12*63/(-7)?
2, 3, 151
Let f = -15 + 16. List the prime factors of 72/(-16)*(-1 - f) + -2.
7
Let q be (8 + -2)*2/4. Suppose -m - 3*m = -q*p - 58, -12 = -3*m. What are the prime factors of (-600)/p + (-12)/(-84)?
43
Let d be -2 - 465/(-7 + 2). Let s = d - 33. What are the prime factors of s?
2, 29
Let q be -5 - 4/((-8)/6). Let h(p) = p**2 + p - 1. Let g(n) = 21*n**2 + 5*n - 4. Let a(v) = q*h(v) + g(v). List the prime factors of a(1).
2, 5
Suppose -6*x = -4 + 22. Let d be (x/2)/((-21)/(-70)). Let r = d + 16. List the prime factors of r.
11
Suppose 0 = 2*u - 5*u + 126. Let d = 137 - u. Suppose 2*l + 3*l = d. List the prime factors of l.
19
What are the prime factors of (-6)/21 + 53780/70?
2, 3
Let d(a) = a**2 + 8. Suppose 0 = -u - 0*u - 4. Let c be d(u). Let s = c - 21. What are the prime factors of s?
3
Let o(s) = -2*s**3 + 4*s**2 - s**3 + 2*s**3. Let k = 2 - -1. What are the prime factors of o(k)?
3
Suppose -2*j = -5*j. Suppose j = -u + 61 + 12. What are the prime factors of u?
73
Suppose 5*v - 2*i = 324, 9*v - 5*v - 276 = -4*i. List the prime factors of v.
2, 3, 11
Let z(a) = -79*a - 4. Let u(l) = 158*l + 7. Let m(q) = 6*u(q) + 13*z(q). List the prime factors of m(-2).
2, 37
Let m(b) = -b**3 - 2*b**2 - 4*b - 13. Suppose -5*g + 3*r - 33 = 2*r, 0 = -4*g + r - 26. What are the prime factors of m(g)?
2, 5, 13
Let o be ((-18)/8)/((-5)/(-40)). Let i be 133/(-7) - (-1 + -2). Let d = i - o. List the prime factors of d.
2
Let d be (2 - (-12)/8)*2. Suppose -5*b = 13 + d, 5*s - 1116 = 4*b. Suppose 6*c - c = s. List the prime factors of c.
2, 11
Let s = 5065 - 2811. List the prime factors of s.
2, 7, 23
Let d(g) = 8*g**2 - 2*g - 17. Suppose 0 = -3*t + 5*b - 3 - 4, -t + 5*b + 1 = 0. What are the prime factors of d(t)?
7, 17
Suppose -5*z - 2*a - 10 = 12, 4*a - 12 = 4*z. Let f be ((-24)/20)/(z/120). Let k = f - 20. List the prime factors of k.
2
Let q be (-2)/(-1)*844/8. Let k = q + -21. What are the prime factors of k?
2, 5, 19
Let u(x) = -414*x - 6. List the prime factors of u(-2).
2, 3, 137
Let p = -197 + 201. Suppose 4*q = 87 + 29. Suppose -4*z = 5*k - 98 + q, k - 81 = -p*z. List the prime factors of z.
3, 7
Let l = -453 + 778. What are the prime factors of l?
5, 13
Suppose 0 = 66*z - 60*z - 7410. What are the prime factors of z?
5, 13, 19
Suppose -5*h - h = -30. List the prime factors of -24*h/((-45)/42).
2, 7
Let y = 591 + -90. Let n = -306 + y. What are the prime factors of n?
3, 5, 13
Suppose -a + 10*m + 743 = 12*m, 5*a - 3727 = 2*m. What are the prime factors of a?
5, 149
Let f = 3 - 1. Suppose 3*t - 3*u - 12 = 0, 21*u - 23*u - 8 = 2*t. What are the prime factors of (t - (-5 + 3))*f?
2
Suppose -s + 2*s = 16. Suppose -3*u = 4*g - 127, -2*g + 6*g - s = 0. Suppose 2*z - 5*q = -19, 4*z + 6*q = q + u. What are the prime factors of z?
3
Let v be (1 + 36/16)*4. Let i be (-2)/(-4)*-2 + 7. Suppose -i*n + v = -47. List the prime factors of n.
2, 5
Suppose 11*o = 4*o + 644. What are the prime factors of o?
2, 23
Let p(h) = h**3 + 7*h**2 + 7*h + 7. Let m be p(-6). Let y = m + -13. Let v = 15 - y. What are the prime factors of v?
3
Let r be 2/(-4) - (-78)/(-4). Let k(p) = -p**2 + 13*p + 7. Let n be k(7). Let d = r + n. List the prime factors of d.
29
Let i be 0/(-10)*(-2)/(-6). Suppose 3*c - 6*c + 12 = i. Let g(f) = f**3 - 3*f**2 + 5*f - 3. What are the prime factors of g(c)?
3, 11
Let i(w) = -2*w**2 + 7*w + 10. Let x be i(-6). Let p = -12 - x. What are the prime factors of p?
2, 23
Let w(m) = -m**2 - 9*m - 16. Let h be w(-6). Let a(i) be the second derivative of i**5/4 + i**3/3 - 3*i**2/2 - 2*i. What are the prime factors of a(h)?
41
Suppose -31*i = -2*i - 1972. Let x(w) = -69*w. Let s be x(-2). Let g = s - i. List the prime factors of g.
2, 5, 7
Suppose -8*p - 3109 = -10381. What are the prime factors of p?
3, 101
Let a(v) = -10*v - 9. Let y be a(-5). Suppose i - 26 = y. What are the prime factors of i?
67
Let r(d) = 16*d**3 - 8*d**2 + 25*d - 5. List the prime factors of r(3).
2, 5, 43
Let o = -9 + 9. Let v(m) = 2*m + 44. Let b be v(o). Suppose 5*y + 2*a = 90, -b = -3*y + 4*a - 16. What are the prime factors of y?
2
Let d = 735 - 591. What are the prime factors of d?
2, 3
List the prime factors of (-62726)/